a - 2*a + 9. Suppose u = 7*v + 5*v - 852. What is the remainder when v is divided by 18?
17
Let k = 1299 - 808. What is the remainder when k is divided by 100?
91
Suppose 4*j + 4*h = 664, -39*j = -34*j + h - 838. What is the remainder when j is divided by 18?
6
Let t = -61 + 61. Suppose t = 8*m - 117 - 75. Calculate the remainder when m is divided by 14.
10
Let x(p) = 3*p - 27. Let v be x(10). Let f = v - -7. Calculate the remainder when 17 is divided by f.
7
Suppose -8*t - 7 = -5*t - 4*d, 3*t + d = 13. Calculate the remainder when 113 is divided by t.
2
Let q be (-22*1)/(6/(-15)). Suppose -7*j + n = -2*j + q, 0 = j + 2*n. Let v = -7 - j. What is the remainder when 9 is divided by v?
0
Suppose -874 = -4*j - 806. What is the remainder when 33 is divided by j?
16
Suppose b - 16 + 4 = -5*z, 5*b - 3*z - 4 = 0. Suppose -f + 5*f = 3*p + 231, -b*p = -6. Calculate the remainder when f is divided by 22.
16
What is the remainder when (-3528)/(-77) + 26/143 is divided by ((-14)/3)/((-6)/27)?
4
Let x = -103 + 159. Calculate the remainder when x is divided by 19.
18
Let u = 13 + 33. Suppose 27 = g - 5*l, -2*g + l + u = -l. Calculate the remainder when 36 is divided by g.
14
Let o(g) = -4*g**2 + g + 5*g - 6 + g**3 - 4*g. Let f be o(4). Suppose 17 = f*n - 21. What is the remainder when n is divided by 11?
8
Let s = 6 - 11. Let a(i) = i + 6. Let x = -2 - -4. Calculate the remainder when x is divided by a(s).
0
Suppose z + 3 = 114. Let a = z - 34. Suppose l - 33 = -2*w, 3*w = 2*l + 2*l + a. What is the remainder when w is divided by 5?
4
Let y be -3 + 0 - (2 - 16). What is the remainder when 29 is divided by (5 - y - -18)/(4/6)?
11
Let v = 164 - -39. Calculate the remainder when v is divided by 51.
50
Let n = -69 - -114. Let m = 92 + -66. Let z = n - m. What is the remainder when z is divided by 7?
5
Suppose 2*g - 2*x = 72, -8*g - 4*x - 27 = -9*g. Calculate the remainder when 88 is divided by g.
10
Suppose 0 = -x - 3, -2*z + 1 = -5*x - 0. Let d(p) = -5*p - 31. Calculate the remainder when 18 is divided by d(z).
2
Suppose -4*m - 31 = -5*y + 9, 5*m - 32 = -4*y. Let q = -1 + 2. Calculate the remainder when y is divided by q.
0
Let p(a) = -2*a**2 - 52*a - 42. Calculate the remainder when 14 is divided by p(-25).
6
What is the remainder when 151 is divided by (-28)/(-6)*108/63?
7
Let y = -13 - -92. Calculate the remainder when y is divided by 16.
15
Let x(r) = r - 15. Let g be x(7). Let n(j) = j**2 + 7*j. Calculate the remainder when n(g) is divided by 2.
0
Let r = 644 + -603. What is the remainder when 489/15*(2 + 3) is divided by r?
40
Suppose 4*g = 2*g + 1370. Suppose 7*r = g - 139. Calculate the remainder when r is divided by 27.
24
Suppose 2*m + 43 = v, 5*v - 4*m - 191 = -0*v. Let a = v + -24. Calculate the remainder when 31 is divided by a.
9
Suppose 206 = -5*i - 3*x, -x - 120 = 3*i + 2*x. Let a = i - -104. Calculate the remainder when a is divided by 21.
19
Let k(r) = -r**3 - 6*r**2 - 11*r - 6. What is the remainder when (42/(-4))/((-3)/6) is divided by k(-4)?
3
Suppose -5*l + 200 = 2*r, -5*r = l + 41 - 104. Suppose 34*t - l*t + 236 = 0. What is the remainder when t is divided by 20?
19
Let q(v) = -v**2 + 74*v + 232. What is the remainder when q(76) is divided by 34?
12
Let w = -529 + 570. Calculate the remainder when 112 is divided by w.
30
Suppose 4*c + 472 = 132. Let h be (-2)/(-5) - 1071/c. Suppose -2*x + 3*k - 6*k = -26, -x + h = -5*k. What is the remainder when 48 is divided by x?
9
Let g(z) = 7 - 2 + 4 - z. Let o be g(-6). Let c = o - -8. What is the remainder when c is divided by 8?
7
Let n be (-11)/22*0/(-1). What is the remainder when 70 is divided by n + -1 - (-20 + 1)?
16
Let y be (-69)/(-6)*(-8)/(-4). Let q = 14 - y. Let k = 0 - q. Calculate the remainder when k is divided by 5.
4
Calculate the remainder when 71 is divided by 12*(9 - (-2 - -8)).
35
Suppose 5*v - 33 + 8 = 0. Suppose -k - 3 = -m, -5*k - 3 = -2*m - m. Suppose m - 106 = -v*o. What is the remainder when 78 is divided by o?
18
Suppose -2 = -q - 1. What is the remainder when 44/1 + q + (-1)/1 is divided by 16?
12
Let k = 609 + -564. What is the remainder when 221 is divided by k?
41
Let x(t) = t**2 - 12*t - 14. Let w = 13 + 1. Let y be x(w). Let j = 24 + y. Calculate the remainder when j is divided by 10.
8
Let f = 15 + -8. Suppose -c + 10 = 4*b, 0 = -f*c + 3*c - b + 55. Let s(p) = 2*p**2 + 5*p - 9. What is the remainder when s(-7) is divided by c?
12
Let b(w) = -11. Let n(m) = -m - 1. Let t(a) = -b(a) + 3*n(a). Let h be t(3). Calculate the remainder when 2/(h/(-30)*3) is divided by 11.
9
Suppose 0 = -5*b + 14 + 1. Let i be 64/12 - b/9. Suppose -x + 3*d = -26, -x - 3*x - i*d + 19 = 0. Calculate the remainder when x is divided by 7.
4
Let t(q) = 15*q**2 - 12*q. Calculate the remainder when t(-1) is divided by 2.
1
Let g(x) = 2*x - 5*x + 6 + 2*x**2 + 5 + 2. What is the remainder when g(4) is divided by -6*(-2)/(8/6)?
6
Suppose -15 = -5*o + 5*x, 0 = 3*o + 4*x + 2 - 39. Let j = o - 4. What is the remainder when 14 is divided by j?
2
Let c = 35 - -66. Let v = c + -79. What is the remainder when 63 is divided by v?
19
Let r(c) = -c**3 + 6*c**2 - 7*c + 5. Suppose -3*z - 25 = -l, z - 35 = -8*l + 5*l. Calculate the remainder when l is divided by r(4).
4
Suppose -3*m = -406 - 35. Suppose 5*n = m + 8. Suppose -2*t + 5 + n = 2*i, 0 = 4*i - 4*t - 112. What is the remainder when i is divided by 12?
11
Let x(d) = -38*d - 351. What is the remainder when x(-14) is divided by 4?
1
Suppose -k + 1 = 0, 2*a - 2*k + 27 = k. Let p = 21 + a. Calculate the remainder when p is divided by 4/(-14) - ((-230)/70 - 0).
0
Let d(l) = 2*l**3 + 14*l**2 - l + 3. What is the remainder when d(-6) is divided by 8?
1
Let o = 235 - 101. Calculate the remainder when o is divided by 27.
26
Let b(v) = 92*v**2 + 2*v - 1. What is the remainder when 182 is divided by b(1)?
89
Let f(z) = -z**2 + 4*z + 1. Let g be f(-3). Let l be g/12*3*-2. Suppose 2*n - 19 = -2*n - b, n = -2*b + l. What is the remainder when 6 is divided by n?
2
Let m be 12/(-126)*-7*189. Suppose 5*w - m - 9 = 0. Calculate the remainder when 133 is divided by w.
25
Let w = 35 - 17. Let o = w + -13. Suppose -d = 2*z - 0*d - 15, -o*z + d + 48 = 0. What is the remainder when z is divided by 5?
4
Suppose -2 + 12 = 2*s, -3*s = -2*k + 113. Calculate the remainder when 378 is divided by k.
58
Let u = 3124 + -3096. Calculate the remainder when u is divided by 16.
12
Suppose -6*k = -2*k - u + 319, -5*k = -5*u + 380. Let o = -48 - k. Calculate the remainder when 131 is divided by o.
32
Suppose 3*g - 5*c = 154, -g + 274 = 4*g - 4*c. Suppose 4*p + 3*d + 1 = -36, 4*d = -12. Let u(o) = -9*o - 33. What is the remainder when g is divided by u(p)?
28
Let q = -1509 + 2911. What is the remainder when q is divided by 36?
34
Suppose m - 2011 = -5*y, 4*m = 5*y + m - 2007. Calculate the remainder when y is divided by 27.
24
Let f = 10 + -7. Let b be (-14)/7 + f*2. Suppose b*m - 1 - 47 = 0. What is the remainder when m is divided by 7?
5
Suppose -1 = -p - 4. Let z = 94 + p. What is the remainder when z is divided by 23?
22
Let d(h) = h**2 - 7*h - 10. Let l be d(7). What is the remainder when 29 is divided by (4 - (-12)/l)*(-10)/(-4)?
1
Let z = 21 + -14. Let j = 83 - 207. Calculate the remainder when 4/(-10) - j/10 is divided by z.
5
Suppose 0 = -9*s + 4*s. Suppose s = 2*j + j - 357. What is the remainder when j is divided by 30?
29
Let p(h) = 241*h - 41. Calculate the remainder when p(1) is divided by 48.
8
Suppose -q - 6 = -10. What is the remainder when 31 is divided by (q + 15/(-5))*17?
14
Let v(n) = n**2 - 9*n + 2. Let c(q) = -q**3 - 4*q**2 - 2*q - 2. Let w be c(-4). Let x be v(w). What is the remainder when 53 is divided by (28/16)/((-2)/x)?
11
Suppose 4*o + 47 = j - 2, 5*j - 245 = 5*o. What is the remainder when j is divided by 2?
1
Let i(x) = x**3 - x**2 + x + 2. Let u be i(0). Suppose 6*v - 60 = -5*j + v, -j - 5*v - 8 = 0. What is the remainder when 31*2/(u + 0) is divided by j?
14
What is the remainder when 92 is divided by 0 - -5 - 22/(-4)*2?
12
Let f be 1/((-3)/36) + -2. Let n = f + 20. Suppose 4 = -i + 6. What is the remainder when n is divided by i?
0
Let i(x) be the third derivative of x**4/8 - x**3/3 + 5*x**2. Let j be i(3). Suppose -8 = -b + j. What is the remainder wh